-11 - (-68 + 59) is divided by t.
5
Let q = -244 + 146. What is the remainder when q/(-4) - 90/(-36) is divided by 15?
12
Let g = -214 + 258. What is the remainder when g is divided by 14?
2
Let u(p) = p**2 + p + 1. Let m(c) = -c**3 + 5*c**2 + 6*c + 7. Let z(t) = m(t) - u(t). Let v be z(5). What is the remainder when 11 is divided by 1 - (3 - 4)*v?
4
Suppose 0 = 2*q - 3*l - 8 - 7, 1 = l. Suppose 4*u + q = u. Let h(b) = b + 14. Calculate the remainder when 53 is divided by h(u).
9
Let n(t) = -t**3 - t**2 - t + 4. Let k be n(0). Let i be k/(-8)*(3 + -171). What is the remainder when (-24)/i - (-718)/14 is divided by 13?
12
Suppose p = o + 15, -4*p - 5*o = -3*p + 15. Let f = 17 + p. Let h = 16 - 9. What is the remainder when f is divided by h?
6
Suppose -6*y + 2*r = -374, 0 = 2*r + 20 - 12. What is the remainder when 179 is divided by y?
57
Let y = 14 - 6. Suppose 120 = y*q - 2*q. What is the remainder when 57 is divided by q?
17
Calculate the remainder when (-6)/4*(-8)/(-6) + 201 is divided by 51.
46
Suppose 4*f - 32 = h, -39 + 5 = -2*f + 5*h. Suppose u - 5*q = -3*u + 2, -u = -5*q + f. Suppose u*b - 3 - 36 = 0. Calculate the remainder when b is divided by 3.
1
Suppose -g - 337 = 518. What is the remainder when (-1 + 0)*g/9 is divided by 32?
31
Let r(u) = 5*u**2 - 5*u + 2. Let j be r(3). Let b be (-4)/18 - (-248)/(-18). Let a = j + b. What is the remainder when 34 is divided by a?
16
Let p(t) = -8*t - 6. Calculate the remainder when p(-5) is divided by 36/(-80)*2*-10.
7
Let s(l) = l**3 - 14*l**2 - 8*l - 23. Calculate the remainder when s(15) is divided by 36.
10
Suppose -1610*n + 1612*n - 58 = 0. Calculate the remainder when 809 is divided by n.
26
Let f(q) = -q**2 + 2 + 2*q + 2*q + q. Let a be f(5). Suppose 14 - 62 = -a*r. Calculate the remainder when 47 is divided by r.
23
Let p be (-8)/(-3)*6/8. Suppose 0 = q - p*w - 2, 0*w + 2*w - 16 = 4*q. Calculate the remainder when 46 is divided by (-1 + -2)/(q/48).
22
What is the remainder when 797 is divided by ((-208)/91)/((-6)/84)?
29
Suppose 0 = 3*h + 2*i - 72, h + 2*i + 60 = 4*h. What is the remainder when 745 is divided by h?
19
Let c(w) = -9*w - 5 - 4 - 7 + 5. What is the remainder when c(-7) is divided by 28?
24
Let b = -1096 + 1357. What is the remainder when b is divided by 8?
5
Let j = 1454 - 1432. What is the remainder when 211 is divided by j?
13
Suppose 4*t - 2070 = -11*t. Calculate the remainder when t is divided by 26.
8
Suppose -r = -3*r + 54. What is the remainder when 12/(-14)*7840/(-84) is divided by r?
26
Let p(d) = -2*d + 37. Let l be p(16). Suppose -3*z - l*k = -39, -z + 0*z - 3*k = -9. What is the remainder when 67 is divided by z?
13
Let i be (-28)/7 - 0/(-1). Let r = i + 15. What is the remainder when 19 is divided by r?
8
Suppose 0 = 32*a - 1991 - 6009. Calculate the remainder when a is divided by 24.
10
Suppose -3*m + 8*j - 369 = 3*j, 4*m - 2*j + 478 = 0. Let x = -49 - m. Calculate the remainder when x is divided by (-1344)/196*-7*(-4)/(-8).
21
Let x = 27 - 100. Let z = x + 125. Suppose -v - v + 22 = 0. Calculate the remainder when z is divided by v.
8
Let y(v) = v**2 + v - 4. Calculate the remainder when 5 is divided by y(2).
1
Suppose 3 = j - 0*j, 3*g - 4*j - 60 = 0. What is the remainder when 97 is divided by g?
1
Suppose -2*r + 0*x = -2*x - 108, r - 3*x = 62. Calculate the remainder when 248 is divided by r.
48
Suppose 73 + 46 = x. Suppose x = 3*y - 10*m + 5*m, -4*m = 5*y - 149. What is the remainder when 60 is divided by y?
27
Let g(o) = 30*o + 15. Let y(h) = h + 1. Let b(w) = g(w) - 25*y(w). Let a = 26 + 16. What is the remainder when a is divided by b(5)?
12
Let u = 774 - 605. What is the remainder when u is divided by 44?
37
Calculate the remainder when 21 is divided by (4/7)/((-7)/196*-2).
5
Let z(c) = c**2 + 16*c + 18. Let i be z(-15). Suppose w = -4*l + 79, -l + 0*w = -i*w - 23. What is the remainder when 77 is divided by l?
17
Let v be (-2 - -3) + -2 + 25. Suppose 0 = -2*k + 58 + v. Calculate the remainder when k is divided by 11.
8
Let i = 208 - 167. Calculate the remainder when 201 is divided by i.
37
Let h = -13 + 1. Let y = h - -14. Suppose -4*d = -3*v + 86, 77 = 4*v - y*d - 21. What is the remainder when v is divided by 6?
4
Let r(j) = 5*j**3 - 7*j**2 + 7*j - 6. What is the remainder when 229 is divided by r(3)?
55
Let o = 81 - 76. Suppose -o*p + 130 = -5*u, p + 3*u = 2*p - 36. What is the remainder when 60 is divided by p?
18
Suppose -z = -2*z + 15. Suppose 6*l - z = 5*l. Suppose 308 = u + 6*u. What is the remainder when u is divided by l?
14
Suppose -s + 7 + 4 = -5*x, 2*x = -3*s + 118. Let n = -19 + s. Let o(j) = 50*j**2 + 2*j. Calculate the remainder when o(-1) is divided by n.
14
Let t = 368 - 12. What is the remainder when t is divided by 12?
8
Let a(d) = -2*d + 6*d**2 + 3*d**2 - 2 + 17. What is the remainder when a(-5) is divided by 36?
34
Let t be (-4)/((-32)/10)*4. Let f = -1 + t. Suppose 0 = f*v - 47 + 7. Calculate the remainder when v is divided by 4.
2
What is the remainder when 89 is divided by (-3)/4*(6/3 + -66)?
41
Calculate the remainder when ((-255)/20*2)/((-12)/112) is divided by 12.
10
Suppose -4*a + 274 + 42 = 0. Calculate the remainder when 153 is divided by a.
74
Suppose q + 149 = 14*y - 10*y, -2*y = 4*q - 88. Calculate the remainder when -1 + 1 + 0 + 112 is divided by y.
36
Suppose -8*h + 21 = -11. Suppose 2*x = 2*n + 17 - 5, 2*x - 16 = h*n. What is the remainder when x is divided by 1?
0
Let m = -435 - -547. Calculate the remainder when 466 is divided by m.
18
Let o = -401 + 406. Calculate the remainder when 207 is divided by o.
2
Let o be -3 - (-7 + 2 - -3). Let c(k) = 6*k. Let m(s) = 1. Let l(x) = o*c(x) - 2*m(x). Calculate the remainder when l(-9) is divided by 18.
16
Let c(g) = -6*g**2 - 83 - 6*g - g**3 - 2*g**2 + 74. Let v be c(-7). What is the remainder when 22 is divided by -1*2*72/v?
4
Suppose 0 = 22*b - 19*b - 63. Let s = b + 62. Suppose 27 - 95 = -4*n. What is the remainder when s is divided by n?
15
Suppose 20*l - 19*l - 11 = 0. Suppose -6*a + l*a - 55 = 0. What is the remainder when 98 is divided by a?
10
Let a(s) = -321*s**3 + s**2 + 12*s + 12. Calculate the remainder when a(-1) is divided by 19.
18
Suppose 58 = i - 2*q + 27, -4*q - 125 = -5*i. Calculate the remainder when 297/4 + 1/(-4) is divided by i.
11
Suppose -2 = -j - 0. Suppose 3*d - 12 = -j*r, -r + 20 = 4*d + 4. What is the remainder when 7 is divided by d?
3
Suppose 0 = 2*u - 0*u + 3*x - 5, -2*u - 2*x = -6. Suppose 0 = -2*h - 3*h + 20. What is the remainder when u is divided by h?
0
Suppose w + 0 = 2. What is the remainder when 17 is divided by (w/(-4))/(220/(-72) + 3)?
8
Suppose 6 - 26 = 5*k. Let u be ((-28)/k + -3)/1. Suppose -2*g + 4*j = 2*j - 174, -u*j + 268 = 3*g. What is the remainder when g is divided by 30?
28
Let i be ((-20)/(-25))/((-2)/(-10)). Suppose t = -i*t + 50. Suppose -3*l = -2*f + 18, 5*l + t = -10. Calculate the remainder when f is divided by 1.
0
Suppose -x + 5*n - 2*n = -19, -x - 2*n = -29. Calculate the remainder when 1 - (-123 + 4/2) is divided by x.
22
Let b = -42 + 46. Suppose -b*f + 225 = f. Let m(u) = -u**3 + 6*u**2 + 3*u - 6. What is the remainder when f is divided by m(6)?
9
Let a = 200 + -108. Let m = -64 + a. Calculate the remainder when m is divided by 10.
8
Let s = -311 + 387. What is the remainder when s is divided by 26?
24
Let q(a) be the second derivative of -a**5/20 + 7*a**4/12 + 4*a**3/3 - 19*a**2/2 - 7*a. Calculate the remainder when q(7) is divided by 1*(0 - 1)*-20.
17
Let c(g) = 10*g + 202. Suppose 0 = 3*a, -3*q + 3*a = -0*q - 6. Suppose q*x - 65 = -3*x. Calculate the remainder when c(-18) is divided by x.
9
Let n be (-2 + -1)*1470/(-9). Suppose -n = -14*w + 9*w. Calculate the remainder when w is divided by 25.
23
What is the remainder when 210 is divided by 14154/441 - (-3 + (-260)/(-84))?
18
Let t(l) = 6*l**2 - 67*l + 112. Calculate the remainder when ((-18)/5)/(2/(-10)) is divided by t(2).
0
Let v be 150/(-8)*16/6. Let c = v + 53. Calculate the remainder when 10 is divided by c.
1
Let k = -10 - -26. What is the remainder when 33 is divided by 360/k*(-4)/(-5)?
15
Suppose 0 = 2*i, 3*c - 2*c = 4*i + 2. Suppose c*o = -0*o + 32. Let u(z) = -2*z**3 - 4*z**2 - 5*z - 3. What is the remainder when u(-3) is divided by o?
14
L